{"id":2,"date":"2020-12-17T10:30:53","date_gmt":"2020-12-17T13:30:53","guid":{"rendered":"http:\/\/tapuru.com.br\/?page_id=2"},"modified":"2022-10-04T07:58:00","modified_gmt":"2022-10-04T10:58:00","slug":"pagina-exemplo","status":"publish","type":"page","link":"https:\/\/tapuru.com.br\/?page_id=2","title":{"rendered":"Brasil &#8211; vamos lutar contra o comunismo"},"content":{"rendered":"\n<p>Mantenham o foco! Um dos principais e mais dif\u00edceis objetivos foi alcan\u00e7ado ontem. N\u00f3s j\u00e1 temos o que \u00e9 necess\u00e1rio para libertar o Brasil do autoritarismo, da chantagem e da injusti\u00e7a que tanto nos indigna. A mudan\u00e7a mais profunda do pa\u00eds j\u00e1 come\u00e7ou! N\u00e3o \u00e9 o povo que deve temer.<\/p>\n\n\n\n<figure class=\"wp-block-embed is-type-rich is-provider-twitter wp-block-embed-twitter\"><div class=\"wp-block-embed__wrapper\">\n<blockquote class=\"twitter-tweet\" data-width=\"500\" data-dnt=\"true\"><p lang=\"pt\" dir=\"ltr\">&#8211; Mantenham o foco! Um dos principais e mais dif\u00edceis objetivos foi alcan\u00e7ado ontem. N\u00f3s j\u00e1 temos o que \u00e9 necess\u00e1rio para libertar o Brasil do autoritarismo, da chantagem e da injusti\u00e7a que tanto nos idigna. A mudan\u00e7a mais profunda do pa\u00eds j\u00e1 come\u00e7ou! N\u00e3o \u00e9 o povo que deve temer.<\/p>&mdash; Jair M. Bolsonaro (@jairbolsonaro) <a href=\"https:\/\/twitter.com\/jairbolsonaro\/status\/1576983918032850944?ref_src=twsrc%5Etfw\">October 3, 2022<\/a><\/blockquote><script async src=\"https:\/\/platform.twitter.com\/widgets.js\" charset=\"utf-8\"><\/script>\n<\/div><\/figure>\n","protected":false},"excerpt":{"rendered":"<p>Mantenham o foco! Um dos principais e mais dif\u00edceis objetivos foi alcan\u00e7ado ontem. N\u00f3s j\u00e1 temos o que \u00e9 necess\u00e1rio para libertar o Brasil do autoritarismo, da chantagem e da injusti\u00e7a que tanto nos indigna. A mudan\u00e7a mais profunda do pa\u00eds j\u00e1 come\u00e7ou! N\u00e3o \u00e9 o povo que deve temer.<\/p>\n","protected":false},"author":1,"featured_media":0,"parent":0,"menu_order":0,"comment_status":"closed","ping_status":"open","template":"","meta":{"footnotes":""},"_links":{"self":[{"href":"https:\/\/tapuru.com.br\/index.php?rest_route=\/wp\/v2\/pages\/2"}],"collection":[{"href":"https:\/\/tapuru.com.br\/index.php?rest_route=\/wp\/v2\/pages"}],"about":[{"href":"https:\/\/tapuru.com.br\/index.php?rest_route=\/wp\/v2\/types\/page"}],"author":[{"embeddable":true,"href":"https:\/\/tapuru.com.br\/index.php?rest_route=\/wp\/v2\/users\/1"}],"replies":[{"embeddable":true,"href":"https:\/\/tapuru.com.br\/index.php?rest_route=%2Fwp%2Fv2%2Fcomments&post=2"}],"version-history":[{"count":4,"href":"https:\/\/tapuru.com.br\/index.php?rest_route=\/wp\/v2\/pages\/2\/revisions"}],"predecessor-version":[{"id":119,"href":"https:\/\/tapuru.com.br\/index.php?rest_route=\/wp\/v2\/pages\/2\/revisions\/119"}],"wp:attachment":[{"href":"https:\/\/tapuru.com.br\/index.php?rest_route=%2Fwp%2Fv2%2Fmedia&parent=2"}],"curies":[{"name":"wp","href":"https:\/\/api.w.org\/{rel}","templated":true}]}}